d derivative of -i**4/4 + i**3/2 - i**2/2 - 18*i. Suppose -3*k = -1884 + 1875. Give y(k).
-19
Let n(t) = t**3 - 6*t**2 + 7. Suppose 1796 - 5648 = -12*y. Let d = -315 + y. Give n(d).
7
Let c(q) = -3*q**2 - 3*q - 3. Let t be -5 + 1/(56/296) + (-184)/56. Give c(t).
-21
Let z(s) = s**2 - 8*s - 9. Suppose 4*v = y + 41 + 63, 4*v - 104 = 5*y. Let k be 5/((-20)/8)*2. Let c be (k + v/6)*21. Give z(c).
-16
Let u(m) be the first derivative of m**3 - 2*m**2 - 4*m - 2294. Give u(-2).
16
Let o(a) = -a**2 - 21*a - 75. Let f = 4163 - 4179. Determine o(f).
5
Let m(z) be the third derivative of -z**6/360 + z**5/40 + z**4/4 + 79*z**3/6 - 64*z**2. Let o(i) be the first derivative of m(i). What is o(5)?
-4
Let q = -158 - -186. Suppose 17*o - 40 = q. Let a(k) = -2*k**2 + 6*k - 5. Calculate a(o).
-13
Let d(p) be the second derivative of p**4/12 + 3*p**3/2 + 13*p**2/2 - 5*p + 149. Determine d(-7).
-1
Let q be (-26)/(-143) + 150/22. Let t(f) = -f**2 + 6*f + 12. Let p be t(q). Suppose -p*i - 24 = 3*r, 9*r = 4*r - 5*i - 30. Let d(k) = 2*k - 4. What is d(r)?
-10
Let n(q) be the second derivative of -2*q**3/3 - 9*q**2/2 - 19039*q. Let h be -1 + -1 + -2*2. Calculate n(h).
15
Let x(m) = -5*m - 2. Let o(b) = 9*b + 31. Let k(n) = o(n) + 2*x(n). Calculate k(7).
20
Let l(h) be the second derivative of h**4/12 + 13*h**3/6 + h**2 + 7*h + 6. Determine l(-14).
16
Suppose 11*s + 24 = 27*s - 10*s. Let c(b) = b**3 - 2*b**2 - 2*b - 11. Calculate c(s).
13
Let f(k) = 642*k + 0 - 1 - 645*k. Let j be 21 + -4*(-4)/(-4). Suppose 16*p = j*p - 2. Determine f(p).
-7
Let d(r) = 2*r - 2. Let u = 12 - 27. Let o = u + 16. Let f be (-2 - 1) + (2 - o). Determine d(f).
-6
Let q(p) = 2*p**2 + 35*p + 56. Let v(k) = k**3 + 38*k**2 + 196*k + 112. Let a be v(-32). What is q(a)?
8
Let t(k) = -9*k. Suppose 4*j = 12, 24*l - 21*l - 9 = -5*j. Let n(p) = 8*p + 1. Let u(y) = l*t(y) - 3*n(y). Determine u(5).
-33
Let g(a) = -33*a**2 - 3*a + 13. Let m(n) = 33*n**2 + n - 10. Let y(c) = 2*g(c) + 3*m(c). Give y(-1).
32
Let k(c) be the second derivative of -c**5/20 - 11*c**4/12 + 5*c**3/2 + 13*c**2 - 52*c + 9. What is k(-12)?
-10
Let s = -78 + 84. Suppose 4*p + 10 = s*p. Let y(o) = o + 4. Determine y(p).
9
Let o(x) be the third derivative of x**8/960 - 61*x**5/30 - 2*x**2 - 26. Let p(d) be the third derivative of o(d). Determine p(1).
21
Let u(t) = 5*t**2 + 2*t - 4. Let a(l) = 4*l**2 + 3*l - 5. Let p(b) = 4*a(b) - 3*u(b). Let x = -255 - -255. Suppose x = 8*h + 70 - 22. Give p(h).
-8
Let n(u) = 4202*u + u**2 - 8409*u - 42 + 4203*u. What is n(-3)?
-21
Let b(s) = 104 + 79 - 187 - s**2 - 6*s. Let h be 2/4*-2 - 6. What is b(h)?
-11
Let z(c) = 0 - 1 - 9960*c + 9965*c. What is z(0)?
-1
Let v(g) = 3*g - 4. Let k(n) be the second derivative of n**4/12 + 7*n**3/6 - 41*n**2 - 96*n. Let m be k(-13). Determine v(m).
-16
Let v(x) be the second derivative of x**7/2520 - x**5/20 - x**4/6 - 29*x**3/6 - 4*x - 2. Let f(m) be the third derivative of v(m). Give f(5).
19
Let f be 1/(-7) - (-1 + (-6528)/28). Let l = f - 235. Let k(y) = -23*y**3 + 2*y**2 + y. Determine k(l).
24
Let m(w) = -12*w**2 + 1275*w + 9 - 1381*w + 6*w**2 + 25. Give m(-18).
-2
Let t = -966 + 964. Let w(l) = -4*l**2 + 2*l. Calculate w(t).
-20
Let a(f) = -f**2 + 8*f - 15. Let b = -88 + 92. Let s be a(b). Let q(r) = s - r - 12 + 0 + 2. Calculate q(-4).
-5
Let g(k) = 26*k - 607. Let j be g(23). Let f be 70/7 + j + (0 - -5). Let r(y) = y**3 + 2*y + 3*y - 4*y**2 - 3*y**2. Give r(f).
-6
Let v(k) be the third derivative of k**6/120 - 13*k**5/60 - k**4/2 - 23*k**3/6 + 44*k**2 + 21. What is v(14)?
5
Suppose -4 - 6 = k. Let f = k - -14. Let d(x) be the second derivative of x**4/12 - 7*x**3/6 - 3*x**2/2 + 47*x. Determine d(f).
-15
Let l(n) = -2*n**2 + 6*n + 7*n - 10*n + 3. Let s be 13 - (-6 - (3 - 16)). Suppose 33 = s*r + 15. Calculate l(r).
-6
Let o(n) = n**2 + n - 12. Suppose -2*u = 2*u - k - 567, 0 = 2*k - 2. Let h = 142 - u. Calculate o(h).
-12
Let a(g) = -5. Let t(m) = -m - 6. Let b(w) = -3*a(w) + 2*t(w). Let q(c) = -2. Let f(o) = b(o) - 3*q(o). Determine f(6).
-3
Suppose 5 = -8*o - 3. Suppose t - 2*c = -7, t + 5*c - 31 = -t. Let r(z) = -106*z**t - 4*z - z**2 + 3*z + 102*z**3. Determine r(o).
4
Let l(o) be the third derivative of -o**2 + 11/24*o**4 + 1/60*o**5 + 11/6*o**3 + 0 + 5*o. Suppose 7*p = 3*p - 40. Determine l(p).
1
Let d(n) = -6901 - 834*n + 835*n + 6936. Calculate d(6).
41
Let t be -5 - (-3)/((27/6)/(-9)). Let r(m) = -m**2 - 9*m + 15. Determine r(t).
-7
Let d(v) be the second derivative of v**4/12 + v**3/2 + v**2 - 5714*v. Calculate d(-6).
20
Let g = 103 - 9. Let t(o) = 31*o**3 + 4 - g*o**3 + 45*o**3 + 48*o**3 - 3 - o. Determine t(1).
30
Let q be (-8)/(-3) + 2/6. Let p(g) = 1021*g**3 + 2*g**2 + 5*g - 4. Let o(f) = 5871*f**3 + 11*f**2 + 30*f - 24. Let d(c) = 4*o(c) - 23*p(c). Determine d(q).
20
Let y(h) = 3*h + 8. Let t = -3427 + 3421. Give y(t).
-10
Let d(n) = n**3 - 6*n**2 + 3*n + 2. Let x = -17864 + 17870. What is d(x)?
20
Let p(r) = 4*r + 3. Let x = -22 + 30. Let u = -11 + x. Let l be (1 + 0)/((15/10)/u). Determine p(l).
-5
Suppose -4*t + 36 = 4*d, -3*d - t + 22 = 5. Suppose -d*o + 29 = -3. Let m be 0/(-2)*(-4)/o. Let h(w) = -w**3 - 2. Determine h(m).
-2
Let n(t) = -t**3 - 13*t**2 + 10*t - 1. Let r be n(-14). Suppose 54*y = r*y - 20. Suppose y = 4*a + a. Let u(b) = b**3 - 4*b**2 - 5*b. Calculate u(a).
-20
Let v(b) be the third derivative of b**6/120 + b**5/10 + b**4/6 - 3*b**3/2 + 7*b**2 + 69*b. Determine v(-5).
-4
Let o(q) = -18 - 36 + 139228*q - 139290*q. Calculate o(-1).
8
Let s(j) = 2*j**3 - 5*j**2 + 9*j - 16. Let p be 8/22*-16*(-385)/560. What is s(p)?
68
Let b(a) = 5*a**2 + 8*a - 3*a**2 + 4*a**2 + 6 - 5*a**2. Let x be (-8)/(-32) - 7/(-4). Suppose -k = -x*k - 5. Give b(k).
-9
Let s = -31 - -25. Let p be (-3)/s*(-5 + 11). Suppose -p*v - v = 0. Let f(y) = y + 6. Calculate f(v).
6
Let k(p) be the first derivative of p**3/3 - p**2/2 + 40. Let g(f) = -11*f**2 + 2*f. Let w be g(1). Let x = -7 - w. Calculate k(x).
2
Let f(h) = -7*h - 31. Let j be f(-5). Suppose -2*r = -j + 2. Let l(t) = -4*t + 6*t**3 + 7*t - r - 7*t**3 - 1. Give l(2).
-4
Suppose -44*b = -41*b - k - 32, 0 = -2*b + 2*k + 28. Let h(y) = -9*y - 9 + 39*y + 2 - 18*y - b*y. Determine h(-5).
-22
Let t(k) = -38*k - 9*k**2 - 7*k**2 - k**3 + 11*k**2 + 45*k. Give t(-5).
-35
Let k(m) be the second derivative of m**6/360 + 23*m**5/120 + 5*m**4/24 + 50*m**3/3 - 3*m - 61. Let b(t) be the second derivative of k(t). Calculate b(-23).
5
Let i be (4 + 0)*13/(-26). Let b = i - -7. Let d(m) = -m - 6. What is d(b)?
-11
Let w(l) be the first derivative of l**3/3 - 4*l**2 + 10*l - 80. Let s = 2 - -6. Calculate w(s).
10
Let s be (3 + 1)/(((-168)/18)/(-7)). Let l = -1 - -3. Suppose 0 = s*q + 8 - l. Let j(b) = 2*b**3 + b**2 - 3*b - 2. Calculate j(q).
-8
Let o(t) = t**3 - 7*t**2 + 4. Suppose 32*d + 17*d + 70 = 59*d. What is o(d)?
4
Let q(u) = -u**2 - 15*u + 37. Let i(p) = -6*p**2 - 464*p + 315. Let f be i(-78). What is q(f)?
-17
Let q(b) = 1 - 5 + 3*b**2 + 5*b - 2*b. Let a(k) = 3564*k - 14259. Let w be a(4). What is q(w)?
14
Let s(a) = -10*a + 54. Let u = -6794 - -6801. Calculate s(u).
-16
Let z = -24287 + 24292. Let c(q) be the second derivative of 0 + q**2 + z*q - 1/2*q**3. Determine c(3).
-7
Let n = 4647 + -4653. Let u(p) = p + 3. Let k(q) = -4*q - 8. Let h(g) = -2*k(g) - 7*u(g). Calculate h(n).
-11
Let s(l) = 16391*l**2 - 16392*l**2 - 2*l + 0*l - 1 - 7. Give s(6).
-56
Let q(m) = -44*m - 322. Let g be q(-7). Let r(i) = -i**2 - 16*i - 16. Calculate r(g).
12
Let q(r) = 8*r**2 + 90*r - 164. Let k be q(-13). Let v(f) = -5*f + 107. What is v(k)?
17
Let f(n) = -134*n**2 + 2. Let k be f(-1). Let x be 1/12 + (-517)/k. Let y(j) = j - 6. Calculate y(x).
-2
Let l(y) be the first derivative of y**5/120 - 7*y**4/24 - 40*y**3/3 - 3. Let u(j) be the third derivative of l(j). Suppose -22*o + 26 = -20*o. Calculate u(o).
6
Let t be 2*(1/2 + 0). Let g(u) = -2*u**2 - 1. Let l(x) = -1 + x + 8*x**2 - 6*x**2 - 2*x - 7*x**2. Let q(f) = -2*g(f) + l(f). What is q(t)?
-1
Let n(d) = d**2 - 3*d + 5. Suppose 53*a - 510 = -33. Suppose 11*m - 5*g = a*m - 15, 2*g - 6 = -3*m. Calculate n(m).
5
Let m(g) = 17*g**3 - 7*g + 13. Let l(c) be the second derivative of 13*c**5/5 - 10*c**3/3 + 37*c**2/2 - 273*c. Let k(s) = 6*l(s) - 17*m(s). What is k(1)?
23
Let m(